he greatest common factor of 4034 and 5714161.
2017
Calculate the greatest common factor of 2394063 and 1113.
1113
Calculate the highest common divisor of 3306068 and 4376.
2188
Calculate the highest common factor of 248303 and 264.
11
Calculate the highest common divisor of 85251 and 147894.
471
What is the greatest common factor of 804962991 and 21?
21
Calculate the greatest common factor of 104961548 and 5744.
1436
Calculate the highest common divisor of 42 and 1391194826.
14
Calculate the highest common factor of 150516 and 14189184.
4068
What is the highest common divisor of 1589000 and 47600?
1400
Calculate the greatest common factor of 154 and 65185813.
77
Calculate the highest common divisor of 6894 and 4172019.
1149
Calculate the highest common factor of 2481 and 7043.
1
Calculate the greatest common divisor of 145283639 and 9455.
1891
What is the greatest common divisor of 92 and 176043334?
46
What is the highest common factor of 1491 and 9624902?
497
Calculate the greatest common factor of 331933 and 217.
7
Calculate the highest common factor of 564848 and 286896.
688
Calculate the highest common divisor of 68298 and 45462.
6
What is the greatest common factor of 3516094 and 14704?
1838
Calculate the highest common divisor of 7014 and 3387261.
501
What is the highest common divisor of 26 and 23179897?
13
Calculate the highest common divisor of 1468715 and 55335.
85
What is the greatest common divisor of 17347 and 3210772?
1577
What is the greatest common factor of 601103 and 277289?
1861
Calculate the greatest common divisor of 2555 and 142905.
35
What is the highest common factor of 88 and 3189448?
8
Calculate the highest common divisor of 1898819649 and 3222.
1611
What is the highest common divisor of 118 and 3281462?
118
Calculate the highest common divisor of 2761 and 490831253.
2761
What is the highest common divisor of 41923581 and 153?
51
Calculate the greatest common divisor of 45866579 and 352.
11
What is the highest common factor of 81413440 and 1856?
1856
Calculate the greatest common factor of 17972310 and 40.
10
What is the highest common divisor of 1213453 and 1576716?
7729
What is the highest common factor of 74543973 and 1083?
1083
Calculate the highest common divisor of 32 and 733744.
16
What is the highest common factor of 627 and 93650007?
33
Calculate the highest common factor of 2085715 and 835.
5
What is the greatest common factor of 38566 and 88770?
22
Calculate the highest common factor of 7077 and 40492235.
2359
What is the greatest common factor of 1596 and 1484574?
42
Calculate the highest common divisor of 149413842 and 23.
23
Calculate the greatest common divisor of 3737294 and 195063.
2827
Calculate the highest common factor of 50960 and 2785510.
910
What is the greatest common divisor of 22 and 86132343?
11
What is the highest common divisor of 310485396 and 3546?
1182
Calculate the greatest common divisor of 53391816 and 3.
3
What is the highest common divisor of 23105 and 28100?
5
What is the highest common divisor of 71626 and 9712?
1214
What is the highest common factor of 33629418 and 162?
162
What is the greatest common divisor of 1758344 and 13447?
119
What is the highest common factor of 9172 and 134476?
4
What is the highest common factor of 9022183 and 1245?
83
Calculate the highest common divisor of 11312 and 273168.
112
Calculate the highest common divisor of 54481 and 3304336.
1267
What is the highest common factor of 30392 and 484962?
262
What is the highest common divisor of 8290 and 9370?
10
Calculate the greatest common factor of 24552 and 1182324.
132
What is the greatest common factor of 47658 and 86668?
94
What is the highest common factor of 451 and 174086?
451
Calculate the highest common divisor of 5642 and 315042.
182
Calculate the highest common divisor of 10423844 and 28.
4
Calculate the highest common divisor of 135 and 11195460.
45
Calculate the greatest common factor of 782768 and 24766.
406
What is the highest common factor of 449721 and 2341071?
4203
Calculate the greatest common divisor of 60 and 6733470.
30
Calculate the highest common factor of 30 and 44875425.
15
Calculate the highest common factor of 5394320 and 160.
80
Calculate the highest common factor of 63878 and 35754870.
3362
Calculate the highest common factor of 31339 and 1377222.
847
Calculate the highest common divisor of 21935060 and 42.
14
What is the greatest common divisor of 11277 and 1043928?
1611
Calculate the greatest common divisor of 1988 and 995064.
28
What is the highest common factor of 4989 and 57445009?
1663
What is the greatest common factor of 104 and 3576690?
26
What is the highest common factor of 225 and 709970700?
75
What is the highest common divisor of 1724 and 1096633383?
431
Calculate the greatest common factor of 2 and 11407780.
2
Calculate the greatest common factor of 27944 and 87014123.
3493
Calculate the greatest common divisor of 1000351 and 4887971.
4741
What is the greatest common factor of 180814428 and 2952?
1476
What is the highest common factor of 62 and 860718503?
31
What is the highest common divisor of 13762 and 44889678?
1966
What is the highest common divisor of 818802 and 48?
6
What is the highest common divisor of 46235 and 2487835?
35
Calculate the highest common factor of 549 and 10241961.
183
What is the highest common divisor of 535 and 166890040?
535
Calculate the highest common factor of 1547442 and 1332.
18
Calculate the highest common factor of 2316692 and 364684.
2108
Calculate the greatest common divisor of 2000570744 and 136.
136
Calculate the highest common divisor of 1 and 37908593.
1
What is the greatest common factor of 106953 and 759?
33
What is the greatest common factor of 165025 and 12594225?
4025
What is the greatest common factor of 37828 and 548646?
14
Calculate the highest common factor of 8435113 and 619.
619
What is the greatest common divisor of 1168 and 679192?
584
What is the greatest common factor of 353925 and 11644425?
2925
Calculate the greatest common divisor of 945864 and 508312.
232
Calculate the greatest common divisor of 21873 and 2167862194.
7291
What is the greatest common divisor of 31 and 1426134633?
31
What is the highest common divisor of 78679 and 1722?
41
Calculate the greatest common divisor of 74710 and 79918.
62
What is the highest common factor of 4071 and 5903481?
177
What is the highest common divisor of 341066498 and 141?
47
What is the greatest common factor of 61815678 and 7770?
222
Calculate the highest common divisor of 556 and 3033476.
4
What is the highest common divisor of 3574324 and 260?
52
Calculate the greatest common divisor of 19136 and 8878.
46
Calculate the highest common divisor of 7263170 and 3634.
46
What is the greatest common factor of 428 and 6260404?
4
Calculate the highest common divisor of 158322 and 129.
3
Calculate the highest common divisor of 14394220 and 100.
20
Calculate the greatest common factor of 1698048 and 83482.
134
What is the highest common divisor of 1082980 and 134940?
3460
Calculate the greatest common factor of 1218 and 11280.
6
Calculate the highest common divisor of 30 and 29829860.
10
What is the greatest common divisor of 496 and 3078362?
62
What is the greatest common factor of 6603 and 233213?
31
Calculate the highest common divisor of 536598 and 432.
54
What is the greatest common factor of 5307 and 60977247?
183
What is the greatest common divisor of 29046255 and 145?
145
What is the greatest common divisor of 16090158 and 1806?
42
Calculate the highest common divisor of 2560 and 115120.
80
What is the greatest common factor of 662299443 and 2441?
2441
Calculate the greatest common divisor of 2928 and 5351286.
366
Calculate the greatest common factor of 30215 and 25.
5
Calculate the greatest common divisor of 2482 and 239496.
34
Calculate the greatest common divisor of 572 and 2005279848.
572
What is the greatest common factor of 9564875 and 35?
5
What is the highest common divisor of 399157 and 179773?
3047
Calculate the greatest common factor of 41246 and 7298.
82
Calculate the highest common divisor of 2123 and 1080414.
193
What is the highest common divisor of 24911557 and 2343?
781
Calculate the greatest common factor of 1085100 and 55.
5
What is the h